- 75, j*s = -4*k - 36. Let f = -1 - s. Calculate the highest common divisor of f and 45.
15
Let y(k) = 35*k. Let h(l) be the second derivative of -l**3/6 - 2*l**2 + 2*l. Let d be h(-7). Let v be y(d). Calculate the highest common divisor of 21 and v.
21
Let b = 19 - 12. What is the greatest common divisor of b and 63?
7
Let g be 4 - 3*(-40)/(-12). Let c = 12 + g. Calculate the greatest common factor of c and 24.
6
Let v be 10/(-4)*(-67 - 13). Calculate the highest common divisor of 25 and v.
25
Let n(h) = -h**3 + 10*h**2 - 5*h + 2. Suppose -5 = 2*p - 21. Let a be n(p). What is the highest common divisor of 36 and a?
18
Suppose -68 = -q + n, q - 2*n = 3*n + 80. What is the highest common divisor of 13 and q?
13
Suppose 2*d + 8 = -2*f - 0*d, 4*f - 4*d - 16 = 0. Suppose f = -7*a + 10*a - 6. What is the highest common divisor of a and 2?
2
Let z be (-2)/8 + (-34)/(-8). Let t be -1*3*12/(-9). Suppose t*o - 17 = -5, c = -2*o + 38. Calculate the highest common factor of c and z.
4
Let u(o) = 63*o**2 + 2*o - 2. Let m be u(1). What is the greatest common factor of m and 9?
9
Suppose -6*h + 5*h = -27. Calculate the greatest common divisor of h and 9.
9
Let x be (-3 - -1) + 7 + 3. Suppose -l = 5*j - 4*j - x, 5*j = -3*l + 38. What is the highest common divisor of j and 49?
7
Let x(r) be the first derivative of 15*r**2/2 + 8*r - 2. Let v be x(8). Let g be 2/10 - ((-711)/(-15))/(-3). What is the highest common factor of v and g?
16
Let l = 8 - 4. Suppose 0*i = i - l. Suppose -3*o + t + 0*t + 25 = 0, i*o - 15 = 5*t. Calculate the highest common divisor of o and 25.
5
Let u(q) = -2*q**3 - 2*q**2 + 4*q + 3. Let z = -3 + 0. Let h be u(z). What is the highest common factor of h and 9?
9
Suppose -j + 10 = 4*j. Suppose j*l + 290 = 5*w - 278, 0 = -2*w + 2*l + 232. Calculate the greatest common divisor of 14 and w.
14
Suppose -68 = -b - 0*b. Let a = b - 8. What is the greatest common factor of a and 15?
15
Let c = 7 + -10. Suppose 2*r + 12 = 6*r. Let z be 2*c*(r - 4). Calculate the greatest common divisor of 42 and z.
6
Suppose -80 = -5*v + u, -3*u + 30 = 4*v - v. Suppose -5*y + 5*s = v, 2*s = -s - 3. Let d be ((-18)/y)/(3/6). Calculate the greatest common divisor of d and 9.
9
Let n be 3/7 + 260/14. What is the highest common divisor of n and 19?
19
Let s = -36 + 61. Calculate the highest common divisor of 100 and s.
25
Suppose 48 = 4*s - 0*s. Let l be (-1435)/(-15) + (-2)/(-6). Calculate the highest common factor of s and l.
12
Let i be 1 + 4/4 - -8. Suppose -2*w + 37 = h, -5*w + 2*h = -3*w - 46. Suppose m + w = 2*m. Calculate the greatest common divisor of i and m.
10
Suppose -4*t - 5*n + 56 = -n, -74 = -5*t - 3*n. What is the highest common divisor of 176 and t?
16
Let f be (-3)/(-5) - (-1472)/80. What is the greatest common factor of f and 95?
19
Let v be (20/3)/(1/3). Suppose -2 = 3*h - v. What is the greatest common divisor of 66 and h?
6
Let j = -88 + 155. Suppose 2*w + 3*w = -3*v + j, -60 = -5*v + 2*w. Let x = -295 - -330. Calculate the greatest common factor of x and v.
7
Let t(y) = 3*y + 2. Let k be t(-4). Let x = k - -16. Calculate the greatest common divisor of x and 3.
3
Suppose 2*w = 3*w + 4*d - 110, 4*w - 520 = 4*d. Suppose -w = -0*m - 2*m. What is the highest common divisor of m and 21?
21
Let c be ((-1583)/3)/(-1) - (-1)/3. What is the highest common divisor of c and 48?
48
Let o be (-81)/(-15) - (-4)/(-10). Suppose -4*d = -o*d + 33. Calculate the greatest common divisor of 22 and d.
11
Let j = 22 - 12. Suppose -5*k = -u - 222, 4*u - 92 = -2*k + j. Let l = -4 - -9. What is the highest common factor of k and l?
5
Let m = 24 - 6. Calculate the highest common divisor of m and 72.
18
Let x = -1 - -6. Suppose 3*s - 16 = 2. Suppose -s*p + 10 = -4*p + 5*t, 16 = -4*t. Calculate the greatest common factor of p and x.
5
Let x(f) = 3*f - 4. Let q be x(-4). Let o = -4 - q. What is the highest common divisor of o and 36?
12
Let t be ((-8)/(-6))/((-10)/(-15)). Let f be (6/5)/(t/(-10)). Let m be 18*(-1 - 9/f). What is the greatest common factor of m and 54?
9
Suppose -7*p + 56 = -3*p. Let j be ((-7)/(p/8))/(-1). What is the greatest common factor of 28 and j?
4
Let q(r) = r**2 - 6*r - 7. Let d be q(6). Let s = d - -37. Calculate the highest common divisor of s and 12.
6
Let l(h) = -5*h + 3. Let n be l(-5). Let p = -20 + n. Suppose -4*i + 179 = f + 17, -i = 3*f - 46. What is the highest common divisor of i and p?
8
Suppose 58*w = 57*w + 2. Calculate the highest common divisor of 22 and w.
2
Let a = -66 + 98. Suppose b = -4*t + 13, 5*t + 10 = b + 33. Calculate the greatest common factor of t and a.
4
Suppose 0*k - 69 = -3*k. Suppose 22 = 4*x + 2*c - 60, 0 = x + 2*c - 13. What is the greatest common factor of k and x?
23
Let b be 16*1 + 0 + 2. Let x = b - 13. Suppose -x*t = -2*t - 12. What is the greatest common factor of 12 and t?
4
Suppose 4*p + 3*j = 58, -2*p + 2*j = p - 52. Calculate the highest common divisor of p and 2.
2
Suppose 2*s = -23 + 77. What is the greatest common factor of 81 and s?
27
Let b(t) = 5*t + 1. Let s be b(3). Suppose 0*a - a = r - 7, 0 = 4*a + s. Let d be 2/4*-22*-9. Calculate the greatest common factor of d and r.
11
Let s be ((-39)/2)/((-2)/4). Suppose -3*l + 0*l = 0. Let a be -2 + (-3 + l)*-5. What is the highest common factor of s and a?
13
Let p(u) = -u + 4. Let f be p(-11). What is the greatest common divisor of 135 and f?
15
Suppose 5*q = f + 12, 0 = 5*f + 4*q - 90 + 5. Let w = -37 + 89. What is the highest common factor of w and f?
13
Let n = 1 - 3. Let h be 1/n*(-9 + -1). What is the highest common factor of 10 and h?
5
Suppose 3*t - 96 = -h - 26, -2*h = 10. Let g be -2 + 1 + (18 - 2). Suppose 2*l = 5*l - g. Calculate the highest common divisor of l and t.
5
Let r(s) = -s**2 + 18*s + 18. Let d be r(17). What is the greatest common divisor of 7 and d?
7
Let l be 3424/144 + (-2)/(-9). What is the greatest common factor of 6 and l?
6
Let k be (-24)/2*(-9)/(-4). Let n = k - -43. Calculate the highest common divisor of n and 48.
16
Suppose -4*r + 84 = 2*r. What is the highest common factor of r and 21?
7
Suppose 30*l = 31*l - 45. What is the highest common divisor of 15 and l?
15
Let j = -16 - -56. Calculate the highest common divisor of 5 and j.
5
Let p(y) = -13*y. Let b be p(9). Let h = -61 - b. What is the greatest common factor of h and 7?
7
Let r(a) = 17*a**2 + 4*a - 10. Let o(j) = 8*j**2 + 2*j - 5. Let q(d) = 13*o(d) - 6*r(d). Let u be q(-6). What is the greatest common divisor of u and 22?
11
Let v = 3 - 1. Let f be 1/(v + (-2 - -1)). Let z be -34*(f - -1)/(-2). What is the highest common divisor of z and 17?
17
Let f = 12 + -9. Suppose 0 = 4*t - 3*p - 177, 3*t + f*p = t + 93. Suppose 2*y = y - 4, -68 = -4*c + 2*y. Calculate the highest common factor of t and c.
15
Let a(z) = -z**2 - 7*z - 4. Let n be a(-6). Calculate the greatest common divisor of 5 and n.
1
Let z(t) = 78*t - 2. Let u be z(2). What is the greatest common factor of 14 and u?
14
Let l = 1 + 11. Suppose 3*z - 36 = -3*q, 3*q = z - 36 + l. Suppose z = -0*u + 3*u. What is the highest common factor of u and 2?
1
Suppose -6 = -c - 2*c. Suppose c*u - 70 = -2*b - 16, 0 = 5*b + u - 139. Calculate the greatest common divisor of 42 and b.
14
Let x be 90 + 5*10/(-25). Suppose 0 = -2*w - 3*w + 55. What is the greatest common factor of x and w?
11
Let c be (-10)/(-15) - (-10)/3. Suppose 0 = 4*z + i + i - 18, -c*z + i + 21 = 0. Calculate the highest common factor of 10 and z.
5
Let u be -3*(2 + 38/(-3)). Suppose 5*z - 110 = -15. Let h = -11 + z. What is the greatest common factor of h and u?
8
Suppose -18*h + 5*z = -19*h + 95, 3*h - 2*z = 268. Suppose -2*q - q = p - 27, -2*p + 2*q = -30. What is the greatest common divisor of h and p?
18
Suppose 0*w = -4*w + 160. Let j(d) = -d**3 - 4*d**2 + 2*d - 5. Let m be j(-5). What is the greatest common factor of m and w?
10
Let c(w) = w**3 + 1 + 0 - 4 + 7*w**2 - 8*w. Let p be c(-8). Let n be (p/(-3))/((-1)/(-4)). Calculate the greatest common divisor of n and 6.
2
Suppose -2*t - 2*u + 0 = -4, -12 = -5*t - 3*u. Suppose 2*o + t*m = 167 - 38, 0 = o + 3*m - 69. Calculate the greatest common factor of 24 and o.
12
Let i be 5*2*9/6. Let s = i - -5. Let m be (-2)/(-2) + 1 - -28. Calculate the highest common divisor of m and s.
10
Suppose 0